e 8196696?
False
Is 138 a factor of 73692?
True
Is 57 a factor of 2374686?
False
Does 7 divide 881097?
True
Is 38 a factor of 2078444?
False
Is 25 a factor of 1613325?
True
Is 32 a factor of 26688?
True
Is 241 a factor of 55398?
False
Is 66 a factor of 147907?
False
Is 253400 a multiple of 25?
True
Does 348 divide 6615679?
False
Is 2737409 a multiple of 11?
False
Is 24 a factor of 2793394?
False
Is 199 a factor of 450138?
True
Is 148045 a multiple of 5?
True
Does 18 divide 217506?
False
Is 48012 a multiple of 12?
True
Is 22401 a multiple of 57?
True
Does 105 divide 38010?
True
Is 64 a factor of 220544?
True
Is 9 a factor of 539298?
True
Is 2924772 a multiple of 16?
False
Does 18 divide 772149?
False
Is 409 a factor of 596177?
False
Does 109 divide 8720?
True
Does 66 divide 5590002?
True
Is 2953852 a multiple of 17?
True
Does 45 divide 446085?
True
Is 155342 a multiple of 23?
True
Does 5 divide 12903?
False
Is 120608 a multiple of 9?
False
Is 1079513 a multiple of 31?
True
Is 79715 a multiple of 188?
False
Does 1728 divide 5629824?
True
Is 142945 even?
False
Does 23 divide 9450631?
True
Does 28 divide 662116?
True
Is 18055 a multiple of 45?
False
Is 9799688 a multiple of 8?
True
Is 39 a factor of 21600278?
False
Is 42 a factor of 847392?
True
Does 27 divide 1119631?
False
Does 78 divide 91026?
True
Is 250148 a multiple of 23?
True
Is 11864310 a multiple of 6?
True
Is 98 a factor of 68515?
False
Is 48 a factor of 258348?
False
Is 180 a factor of 4849820?
False
Is 77038 a multiple of 38?
False
Is 218 a factor of 2193734?
True
Is 8 a factor of 2057810?
False
Is 7852904 a multiple of 43?
False
Is 51318 a multiple of 6?
True
Is 11 a factor of 9338211?
False
Does 117 divide 3112434?
True
Is 7870749 a multiple of 5?
False
Does 3 divide 21342?
True
Is 979232 a multiple of 4?
True
Is 20 a factor of 424723?
False
Is 39 a factor of 656190?
False
Is 20 a factor of 46980?
True
Is 632772 a multiple of 18?
True
Is 1047388 a multiple of 283?
False
Is 150 a factor of 161550?
True
Is 432269 a multiple of 5?
False
Is 477219 a multiple of 298?
False
Does 4 divide 35649?
False
Does 430 divide 187578?
False
Does 8 divide 8882?
False
Does 3 divide 25102?
False
Is 2539512 a multiple of 108?
True
Is 41 a factor of 9143?
True
Does 415 divide 222056?
False
Is 122348 a multiple of 146?
True
Does 21 divide 418692?
False
Is 1827981 a multiple of 61?
False
Does 24 divide 652920?
True
Does 651 divide 3270963?
False
Is 16 a factor of 9300?
False
Is 735107 a multiple of 19?
False
Does 327 divide 1291610?
False
Is 307643 a multiple of 275?
False
Is 37399 a multiple of 149?
True
Is 254 a factor of 236982?
True
Is 16 a factor of 425982?
False
Does 9 divide 461754?
True
Is 64124 a multiple of 13?
False
Is 61 a factor of 251442?
True
Is 360433 a multiple of 5?
False
Does 4 divide 27568?
True
Is 268833 a multiple of 47?
False
Does 107 divide 65104?
False
Is 1567909 a multiple of 7?
True
Is 452578 a multiple of 14?
True
Does 6 divide 761369?
False
Is 126 a factor of 1204398?
False
Does 46 divide 315576?
False
Is 1198150 a multiple of 708?
False
Is 7248960 a multiple of 54?
True
Does 6 divide 1055926?
False
Is 433 a factor of 1533253?
True
Does 854 divide 8539213?
False
Does 63 divide 293391?
True
Is 105754 a multiple of 38?
True
Does 61 divide 7585167?
True
Is 2 a factor of 72282?
True
Is 716 a factor of 600355?
False
Does 1000 divide 2898000?
True
Is 11 a factor of 1237631?
False
Does 82 divide 354650?
True
Is 6 a factor of 314610?
True
Does 13 divide 8166756?
True
Is 140 a factor of 8981501?
False
Is 253044 a multiple of 396?
True
Is 364 a factor of 3076528?
True
Is 75 a factor of 1310175?
True
Does 8 divide 474992?
True
Is 18 a factor of 62370?
True
Is 129 a factor of 234522?
True
Is 46498 even?
True
Does 127 divide 2750185?
True
Does 8 divide 288200?
True
Is 864225 a multiple of 354?
False
Is 1365856 a multiple of 1462?
False
Is 207 a factor of 2220864?
False
Does 27 divide 196418?
False
Is 222250 a multiple of 50?
True
Is 356 a factor of 433268?
False
Is 369965 a multiple of 16?
False
Does 66 divide 68918?
False
Is 48 a factor of 239415?
False
Is 328102 a multiple of 16?
False
Is 6 a factor of 423614?
False
Does 7 divide 168095?
False
Does 73 divide 153957?
True
Is 4009854 a multiple of 6?
True
Is 6351903 a multiple of 41?
False
Is 188 a factor of 40608?
True
Is 42 a factor of 4132054?
False
Does 13 divide 36583?
False
Does 807 divide 93036?
False
Is 112 a factor of 146368?
False
Is 133 a factor of 136094?
False
Is 39 a factor of 850585?
False
Is 20 a factor of 1268700?
True
Is 209 a factor of 119339?
True
Is 204 a factor of 18081?
False
Is 339 a factor of 171873?
True
Is 72 a factor of 105264?
True
Is 7 a factor of 92960?
True
Is 143 a factor of 16302?
True
Is 20087064 a multiple of 12?
True
Is 182 a factor of 288106?
True
Is 305 a factor of 4585494?
False
Does 17 divide 11558162?
False
Is 355787 a multiple of 333?
False
Is 11 a factor of 11257760?
False
Is 397750 a multiple of 185?
True
Is 357 a factor of 2985282?
False
Is 865 a factor of 2200560?
True
Is 2848433 a multiple of 3?
False
Is 320 a factor of 1421120?
True
Does 12 divide 248364?
True
Does 149 divide 265434?
False
Is 524 a factor of 738329?
False
Is 762850 a multiple of 190?
True
Does 58 divide 10290824?
True
Does 47 divide 1767999?
True
Does 92 divide 679116?
False
Is 430055 a multiple of 76?
False
Does 418 divide 2101488?
False
Is 2034 a multiple of 18?
True
Is 306006 a multiple of 12?
False
Is 374992 a multiple of 16?
True
Is 211338 a multiple of 31?
False
Does 66 divide 198792?
True
Is 103081 a multiple of 27?
False
Is 8308440 a multiple of 126?
True
Is 573 a factor of 6562909?
False
Is 805777 a multiple of 63?
False
Is 91 a factor of 68523?
True
Does 31 divide 88922?
False
Is 3530100 a multiple of 214?
False
Is 131 a factor of 663236?
False
Does 63 divide 11849245?
False
Is 1809 a factor of 4150810?
False
Is 31 a factor of 1980249?
True
Is 167 a factor of 256512?
True
Does 10 divide 556590?
True
Does 44 divide 2260224?
False
Is 1337061 a multiple of 1453?
False
Does 5 divide 1359475?
True
Is 5652849 a multiple of 327?
True
Does 46 divide 25070?
True
Is 134908 a multiple of 116?
True
Is 4170882 a multiple of 206?
True
Is 16 a factor of 36053?
False
Is 470 a factor of 953160?
True
Does 310 divide 2282220?
True
Is 286342 a multiple of 14?
True
Does 35 divide 6919089?
False
Does 11 divide 2777947?
False
Is 11 a factor of 1210486?
False
Does 32 divide 19243?
False
Does 67 divide 407430?
False
Does 2 divide 371303?
False
Does 310 divide 150163?
False
Is 658 a factor of 1929914?
True
Is 6612087 a multiple of 402?
False
Is 29 a factor of 216212?
False
Is 27763 a multiple of 66?
False
Does 216 divide 6516936?
True
Does 8 divide 1459081?
False
Is 1126320 a multiple of 912?
True
Does 561 divide 491823?
False
Does 556 divide 3652364?
True
Is 97504 a multiple of 8?
True
Does 12 divide 8535732?
True
Is 24 a factor of 168696?
True
Is 357489 a multiple of 253?
True
Is 82 a factor of 682681?
False
Does 446 divide 2247897?
False
Is 224 a factor of 328608?
True
Does 415 divide 11968962?
False
Is 320 a factor of 7947353?
False
Is 36 a factor of 11015424?
True
Is 894970 a multiple of 19?
False
Does 44 divide 1096084?
True
Does 89 divide 15347?
False
Does 66 divide 683789?
False
Is 32 a factor of 266012?
False
Does 35 divide 1293928?
False
Does 16 divide 2020992?
True
Does 365 divide 440555?
True
Does 10 divide 24530?
True
Is 19 a factor of 1937520?
False
Does 118 divide 553858?
False
Is 234886 a multiple of 37?
False
Does 9 divide 223065?
True
Is 16 a factor of 6919168?
True
Is 226 a factor of 2900032?
True
Is 208 a factor of 870807?
False
Is 78628 a multiple of 44?
True
Is 231384 a multiple of 311?
True
Is 72958 a multiple of 4?
False
Is 29071665 a multiple of 74?
False
Does 589 divide 2105675?
True
Does 59 divide 176233?
True
Is 2467357 a multiple of 11?
False
Does 12 divide 1460565?
False
Is 1017756 a multiple of 6?
True
Does 2 divide 6841197?
False
Is 1897668 a multiple of 35?
False
Is 48 a factor of 5578002?
False
Is 178210 a multiple of 71?
True
Is 88652 a multiple of 74?
True
Is 18569 a multiple of 219?
False
Is 3569937 a multiple of 429?
False
Does 331 divide 627798?
False
Is 66040 a multiple of 4?
True
Is 67320 even?
T